609.
508
Calculate the remainder when 14017298 is divided by 3504302.
90
Calculate the remainder when 48281660 is divided by 286.
284
What is the remainder when 338651 is divided by 169265?
121
Calculate the remainder when 260406 is divided by 50.
6
What is the remainder when 633956 is divided by 63033?
3626
What is the remainder when 182861 is divided by 91417?
27
Calculate the remainder when 126063 is divided by 4.
3
What is the remainder when 66339 is divided by 22108?
15
What is the remainder when 372477 is divided by 124043?
348
What is the remainder when 9766772 is divided by 14?
8
Calculate the remainder when 9085657 is divided by 3028544.
25
Calculate the remainder when 4533968 is divided by 1114.
1102
What is the remainder when 10399737 is divided by 22?
7
What is the remainder when 56180 is divided by 13418?
2508
Calculate the remainder when 4550489 is divided by 475.
464
Calculate the remainder when 44479944 is divided by 1273.
51
Calculate the remainder when 17422220 is divided by 172.
168
Calculate the remainder when 47770 is divided by 15914.
28
Calculate the remainder when 41283800 is divided by 155.
15
What is the remainder when 20129 is divided by 295?
69
Calculate the remainder when 1120565 is divided by 162.
11
What is the remainder when 13358061 is divided by 456?
453
What is the remainder when 2404850 is divided by 2404849?
1
What is the remainder when 5209005 is divided by 1302247?
17
What is the remainder when 2295439 is divided by 65583?
34
Calculate the remainder when 324015 is divided by 23093.
713
What is the remainder when 546529000 is divided by 136632249?
4
Calculate the remainder when 107137 is divided by 1309.
1108
What is the remainder when 5119502 is divided by 652?
650
Calculate the remainder when 225052 is divided by 2320.
12
Calculate the remainder when 291702 is divided by 209.
147
Calculate the remainder when 685027 is divided by 558.
361
Calculate the remainder when 941221 is divided by 58.
55
Calculate the remainder when 15195 is divided by 8850.
6345
Calculate the remainder when 6100349 is divided by 6100336.
13
Calculate the remainder when 2711859 is divided by 542369.
14
Calculate the remainder when 13363511 is divided by 19228.
51
What is the remainder when 4269358 is divided by 609881?
191
Calculate the remainder when 488123665 is divided by 94.
89
What is the remainder when 1528667 is divided by 1072?
1067
What is the remainder when 459780 is divided by 5476?
5272
Calculate the remainder when 393121 is divided by 3608.
3457
What is the remainder when 2329970 is divided by 968?
962
Calculate the remainder when 17842377 is divided by 1230.
1227
What is the remainder when 296842204 is divided by 98947398?
10
Calculate the remainder when 5208523 is divided by 1041699.
28
Calculate the remainder when 54249 is divided by 52766.
1483
Calculate the remainder when 7420951 is divided by 458.
435
Calculate the remainder when 183128 is divided by 6540.
8
Calculate the remainder when 63873897 is divided by 2561.
2557
What is the remainder when 3796880 is divided by 146022?
308
What is the remainder when 13847478 is divided by 111?
6
Calculate the remainder when 654797 is divided by 8379.
1235
What is the remainder when 3031916 is divided by 378989?
4
Calculate the remainder when 2973507 is divided by 30.
27
Calculate the remainder when 8070769 is divided by 1322.
1281
What is the remainder when 1999114 is divided by 999348?
418
Calculate the remainder when 1740416 is divided by 611.
288
What is the remainder when 28340893 is divided by 297?
262
What is the remainder when 689050474 is divided by 1074?
1072
What is the remainder when 371877 is divided by 14478?
9927
Calculate the remainder when 1365981 is divided by 1490.
1141
What is the remainder when 349945 is divided by 38869?
124
What is the remainder when 10126346 is divided by 482?
8
What is the remainder when 725498 is divided by 435?
353
Calculate the remainder when 3128603 is divided by 2487.
2444
Calculate the remainder when 15285409 is divided by 1481.
8
What is the remainder when 2187490 is divided by 29?
20
What is the remainder when 4783562 is divided by 31062?
14
What is the remainder when 2926202 is divided by 14?
6
What is the remainder when 32022091 is divided by 110?
101
Calculate the remainder when 410152 is divided by 409812.
340
What is the remainder when 158793 is divided by 31390?
1843
What is the remainder when 7972899 is divided by 1993180?
179
Calculate the remainder when 118588361 is divided by 315.
311
Calculate the remainder when 37316 is divided by 36141.
1175
Calculate the remainder when 24619121 is divided by 2362.
2357
What is the remainder when 14031068 is divided by 774?
770
What is the remainder when 133551 is divided by 419?
309
What is the remainder when 55140 is divided by 3253?
3092
What is the remainder when 1926097 is divided by 54?
25
What is the remainder when 6292958 is divided by 202994?
144
What is the remainder when 2818519053 is divided by 26?
25
What is the remainder when 1789131 is divided by 379?
251
Calculate the remainder when 175005524 is divided by 606.
602
What is the remainder when 25006923 is divided by 12503460?
3
Calculate the remainder when 70138 is divided by 955.
423
Calculate the remainder when 79518 is divided by 19811.
274
Calculate the remainder when 21043143 is divided by 5120.
5063
Calculate the remainder when 3057 is divided by 89.
31
What is the remainder when 27599 is divided by 32?
15
Calculate the remainder when 21595366 is divided by 262.
16
Calculate the remainder when 13080224 is divided by 1208.
0
Calculate the remainder when 55401 is divided by 154.
115
What is the remainder when 879204 is divided by 202?
100
Calculate the remainder when 112372 is divided by 210.
22
Calculate the remainder when 8226974 is divided by 3464.
3438
Calculate the remainder when 1700398 is divided by 5764.
18
Calculate the remainder when 11424594 is divided by 291.
225
What is the remainder when 6111471 is divided by 2876?
2847
What is the remainder when 150203534 is divided by 50067840?
14
Calculate the remainder when 44136757 is divided by 235.
232
What is the remainder when 127265 is divided by 21121?
539
Calculate the remainder when 45151 is divided by 2358.
349
Calculate the remainder when 8235691 is divided by 3065.
36
What is the remainder when 1158118 is divided by 905?
623
Calculate the remainder when 7141467 is divided by 126.
39
What is the remainder when 1032 is divided by 956?
76
Calculate the remainder when 681955 is divided by 225.
205
Calculate the remainder when 57486 is divided by 28731.
24
Calculate the remainder when 25117475 is divided by 5.
0
Calculate the remainder when 1715 is divided by 290.
265
Calculate the remainder when 5445855 is divided by 85.
75
Calculate the remainder when 1696604 is divided by 1474.
30
What is the remainder when 985050 is divided by 5349?
834
Calculate the remainder when 485694 is divided by 7962.
12
Calculate the remainder when 5057820 is divided by 90.
0
What is the remainder when 54081 is divided by 2271?
1848
What is the remainder when 32115 is divided by 1769?
273
Calculate the remainder when 1013016 is divided by 13329.
12
Calculate the remainder when 168002 is divided by 1560.
1082
What is the remainder when 6984232 is divided by 98369?
33
Calculate the remainder when 3627485 is divided by 438.
407
What is the remainder when 2015995 is divided by 1044?
31
Calculate the remainder when 4889483 is divided by 82.
69
What is the remainder when 51958 is divided by 9126?
6328
Calculate the remainder when 4506751 is divided by 321901.
137
What is the remainder when 1020942 is divided by 4571?
1609
What is the remainder when 1434512 is divided by 361?
259
What is the remainder when 147052 is divided by 71757?
3538
What is the remainder when 134917 is divided by 2213?
2137
What is the remainder when 5897306 is divided by 574?
30
What is the remainder when 3440579 is divided by 1146833?
80
Calculate the remainder when 130135 is divided by 4653.
4504
Calculate the remainder when 3697937 is divided by 1559.
1548
Calculate the remainder when 554685 is divided by 27733.
25
Calculate the remainder when 78313 is divided by 188.
105
What is the remainder when 1